3*u. What is b(3)?
3
Suppose -k - 28 = 4*z, 5*k + 113 + 10 = -3*z. Let t = k - -28. Suppose -3*p = -4*h + 26, t = -3*p - 2*h + 8. Let s(r) = -r**3 - 3*r**2 + 2. Determine s(p).
-2
Let f(k) = k**3 - k**2 + 15*k - 27. Let s(b) = -b**3 - 16*b + 30. Let h(g) = -7*f(g) - 6*s(g). Calculate h(6).
-9
Let i(x) = -934*x**2 + 935*x**2 + 6 - 2 + 0. Give i(0).
4
Let b(j) be the third derivative of j**6/180 - j**5/60 - j**4/12 - 47*j**3/6 + 21*j**2. Let z(f) be the first derivative of b(f). Determine z(2).
2
Suppose 5*v + 10 = -5*u, -2*u - v - 10 = -2. Let l(m) = -m**3 - 5*m**2 + 8*m + 5. What is l(u)?
-7
Let h(s) = -3*s**3 + 3*s**2 + 3*s + 35. Let r(p) = p**3 - p**2 - p - 12. Let x(b) = 3*h(b) + 8*r(b). Suppose 0 = v - 6*v - 13*v. Calculate x(v).
9
Suppose 0*y + 17 = -y - 3*b, -2*y - 5*b - 30 = 0. Let w be -4 + 6 + (1 - 1). Let m(t) = 61 - t**w - 4*t - 59 + 0*t. Give m(y).
-3
Let i(c) = 14 + 2*c + 16 + 12 + 10 - 65. What is i(0)?
-13
Let a(b) = 8*b - 6. Let g be a(4). Suppose -2*f - 14 = -y - y, -2*y + 5*f = -g. Let m be (2 - y/(-3)) + 1. Let w(s) = -s**2 + 2*s + 4. What is w(m)?
-4
Let b = -23 + 25. Suppose -2*k + 12 = -b*p, 2*p + p = -15. Let f(q) = 11*q**2 + q - 1. Give f(k).
11
Suppose -3*i + 15 = 5*m, 0*m = 3*i + 4*m - 12. Let j(l) = -3 + 41*l - 3 - 42*l. What is j(i)?
-6
Let b(m) = -11*m. Suppose 4*u = -u + 5. Suppose -a = u - 0. Determine b(a).
11
Let a(x) = x**2 - x + 2. Suppose 115*u = 126*u. Calculate a(u).
2
Suppose 0 = -10*h + 6*h + 16. Let a(c) be the third derivative of 0*c + 1/3*c**h - 4*c**2 + 0 - 1/6*c**3. Calculate a(1).
7
Let p(n) = -n**3 - 4*n**2 - 2*n + 2. Suppose 28*w - 44*w = 64. Determine p(w).
10
Let j(s) be the third derivative of -s**5/60 + s**4/4 + 5*s**2. Let t be 7/(-28) + (-58)/(-8). Give j(t).
-7
Let x(u) = u**2 + u. Let m be 203/(-21) + (-4)/18*-3. Let r = -11 - m. What is x(r)?
2
Let b(d) = 0*d + 9*d**2 - 9 - 4*d - d**3 + 0*d**3 + d - 3*d. Give b(8).
7
Let u(g) = -2*g - 2. Let p(r) = 23*r - 2. Let a be p(1). Suppose 2*x + 5*x = -a. Calculate u(x).
4
Let b(i) = -7*i**3 + 11*i**2 + 4*i + 1. Let q(l) = l**3 + 1. Let m(o) = -b(o) - 5*q(o). Calculate m(6).
6
Let j = -2 + 3. Let w(n) be the first derivative of -3*n**5/20 - n**4/6 + n**2/2 - 22*n - 16. Let u(l) be the first derivative of w(l). Determine u(j).
-4
Suppose -x - 21 = -66. Suppose 5*p - 3*v + 12 = x, -2*v + 22 = 4*p. Suppose p*h - h = 25. Let d(a) = -a**2 + 7*a - 6. Give d(h).
4
Let g(d) = 12*d**2 + 1 - 6*d**2 - 2*d - 5*d**2 + 5. Give g(5).
21
Let l(n) = -2*n - 1. Let y be l(-4). Let b be (-10)/(-14) - (-2)/y. Let q(j) be the third derivative of -j**4/24 - j**3/6 - 1406*j**2. What is q(b)?
-2
Let q(d) = 7*d**2 - d. Let r(j) = 2*j**2. Let b(f) = q(f) + r(f). Give b(-1).
10
Let n be (-1)/(-1 + (-6)/(-4)). Let s be ((-1)/(-2))/(2/8). Let p(m) = -9*m + 0*m + s + 12*m. Give p(n).
-4
Let n be ((3 - 5)/(-1))/(2/4). Let g(d) = -d + 5. Give g(n).
1
Let g(s) = s**3 + 5*s**2 + s. Let y be g(-5). Let r be -1*(-1 - (-4 - -5)). Let c(d) = -d + 0*d - r + 4. Give c(y).
7
Let r(k) be the second derivative of 5*k**3/6 - 13*k**2/2 + 26*k - 1. Determine r(3).
2
Let p(n) = -2*n**2 + 2*n + 7. Let f(r) = -r**3 - 48*r**2 - 96*r - 186. Let o be f(-46). Give p(o).
-5
Let c be (3 - (-33)/(-9))*-6. Let b(u) be the third derivative of u**5/60 - 5*u**4/24 - u**3/6 + u**2 - 21*u. Determine b(c).
-5
Suppose 2*k = 9*k - 21. Suppose -5*o + 27 = 4*y, -y - 3*y + k*o = -3. Let t(l) = l - 4. Give t(y).
-1
Suppose -5*m = -4*g + 53, 0 = -3*g + m + m + 31. Let d(q) = 14*q**2 + 21*q + 0 - 62*q - 7*q**2 + 43*q - 9 - q**3. Calculate d(g).
5
Let q(n) be the second derivative of 0 - n**2 - n**3 + 1/12*n**4 + 13*n. Calculate q(7).
5
Let r(g) = g**3 + 5*g**2 + 6*g. Let a(b) = b**2 + 15*b - 24. Let t be a(-16). Let m be 5 + -2 - 3 - (-4 - t). Give r(m).
-8
Let r(l) be the first derivative of 0*l**2 + 9 + 0*l + 1/3*l**3. Determine r(1).
1
Let c = -2105 - -2108. Let f(j) be the second derivative of j**5/20 - j**4/12 + j**3/6 + j**2/2 - j. Calculate f(c).
22
Let r(j) = j**3 + 8*j**2 + 11*j + 8. Suppose 0 = 11*o - 8*o + 21. Let q be (o/(-9)*3)/((-1)/3). Calculate r(q).
-20
Let v = 21 + -12. Let j(w) = -w**3 + 28*w**2 + 3 + 20*w**2 + 22*w**2 - 62*w**2 + 8*w. What is j(v)?
-6
Let o(w) = -3*w**3 - 5*w**2 - 6*w - 12. Let b(v) = -2*v**3 - 5*v**2 - 6*v - 11. Let u(m) = -4*b(m) + 3*o(m). What is u(6)?
8
Let i(y) = 5*y + 4. Let c(x) = 11*x + 5. Let r(s) = -6*c(s) + 13*i(s). Calculate r(0).
22
Let a(d) = 5*d**2 - d + 3. Let t(f) = -f**2 + 2. Let n(j) = -a(j) + 2*t(j). Suppose -8 = -4*g + 3*x, -4*g = g + 3*x + 17. Calculate n(g).
-7
Let i(n) = n - 4. Let f be (-6 - 0) + -11 + 20. What is i(f)?
-1
Let q(h) = h**3 - 5*h**2 - 1. Suppose p = -n - 27, -5*p + 3*n = -n + 108. Let j = p - -29. Determine q(j).
-1
Let v(r) be the first derivative of r**3/6 + 4*r**2 - 8*r - 6. Let w(g) be the first derivative of v(g). What is w(-8)?
0
Let w(g) = -4*g - 9. Suppose -3 + 55 = -13*m. Calculate w(m).
7
Let o(s) = s + 1 - 4*s**3 + 5*s**3 + 62*s**2 - 25*s**2 - 33*s**2. Determine o(-3).
7
Let y = -93 + 95. Let b(j) = -5*j - 2. Suppose -4*v + 5 = 4*x - 3*x, v = 5*x + 17. Let i(l) = -15*l - 6. Let m(u) = x*i(u) + 8*b(u). What is m(y)?
12
Suppose -2*x = -7*x + 45. Suppose 4*i + 13 = -l, x*i = -3*l + 4*i - 4. Let u be (-16)/l - (-4)/14. Let g(b) = 2*b**3 + 4*b**2 + 4*b + 2. What is g(u)?
-6
Let x(u) = 9*u**2 + 4*u + 7. Let y(l) = -4*l - 75. Let z be y(-18). Let b(i) = 9*i**2 + 3*i + 5. Let w(n) = z*b(n) + 2*x(n). Calculate w(-1).
-9
Let f = 99 + -94. Suppose -f*d - 3 = -8*d. Let l(z) = z**3 - 2*z**2 + 1. Calculate l(d).
0
Let d(p) = 3*p**2 - 9 + 7 - 2*p**2. Let v be -14 + (-45)/(-9) + 6. Calculate d(v).
7
Let f(w) be the first derivative of -1/4*w**4 + 2/3*w**3 + 3/2*w**2 + 0*w + 6. Calculate f(3).
0
Let y(f) = -2*f**2 + 8*f + 2. Let d be y(4). Suppose -4*n = -z + 24, 3*z + 2*z + d*n - 32 = 0. Let h(w) = -w**3 + 9*w**2 - 8*w - 8. Calculate h(z).
-8
Let x(y) be the first derivative of -y**6/360 - y**5/120 + y**4/6 + 17*y**3/3 + 1. Let s(j) be the third derivative of x(j). Give s(0).
4
Let u be 2 - (-48)/4*-1. Let q = u + 17. Let w be (12 - q)*(-3)/(-5). Let a(n) = n. Calculate a(w).
3
Suppose -5*y - 5*c + 25 = 0, 3 = c + 2*c. Let v(o) = -y*o**2 - 57 + o + 3*o**2 + 58. Give v(0).
1
Let z(y) = y**2 + y - 3. Suppose 7*t - 12 = 3*t, -2*g + 2 = 2*t. Determine z(g).
-1
Let p(n) = -n**2 - 5*n + 1. Let f be (-2 + 2 - -12)*9/18. Suppose -f*b = -b - 3*x + 42, -4*b = 3*x + 12. Calculate p(b).
-5
Let a(z) = 50*z + 348. Let k be a(-7). Let f(m) = -14*m**2 + 2*m + 1. Give f(k).
-59
Suppose 0 = -28*x + 34*x + 6. Let i(t) be the third derivative of 5*t**4/24 + t**2. What is i(x)?
-5
Let v(g) = 8*g - 1. Suppose -3*k - 75 = -6*k. Let b = -33 + k. Let n = 9 + b. Give v(n).
7
Let l(k) be the third derivative of 0 + 18*k**2 - 1/24*k**4 - 1/6*k**3 + 0*k. Determine l(-5).
4
Let w(l) be the second derivative of -l**3/2 - 7*l**2/2 + 40*l - 7. Determine w(7).
-28
Let r(d) = 37*d - 8. Let y(c) = -17*c + 4. Let l(k) = -4*r(k) - 9*y(k). Give l(2).
6
Let r(q) be the second derivative of q**4/6 - 2*q**3/3 + q**2/2 + 2*q - 123. What is r(3)?
7
Let t(a) = a**3 + 9*a**2 - 41. Let l(c) = c**3 + 7*c**2 - 39. Let h(w) = -5*l(w) + 4*t(w). Determine h(0).
31
Suppose -g = 2*a + 2*a + 9, g - 5 = 3*a. Let u(r) = 21*r**2 - 1. What is u(g)?
20
Let t(d) = d - 48. Let x(j) = 2*j - 101. Let a(n) = -13*t(n) + 6*x(n). Calculate a(17).
1
Let y(d) be the third derivative of -d**6/24 + d**5/20 + d**4/24 - d**3/6 + 547*d**2. Determine y(-1).
6
Suppose 5*w = 109 - 134. Let h(y) = 2*y**2 - 3*y - 8. Let j(g) = -g**2 + g + 4. Let f(t) = w*j(t) - 2*h(t). Calculate f(3).
8
Suppose 0 = 5*f - 5*n, n = -4*n - 5. Let r(g) = -8*g**3 + 1. What is r(f)?
9
Suppose -2*g = -2*o - 2 + 6, 0 = -2*g - o - 16. Let i(d) be the second derivative of -d**4/12 - 7*d**3/6 - 9*d**2/2 - 6*d. Give i(g).
-3
Let g(j) be the first derivative of j**4/4 - 5*j**2/2 + 4*j + 43. Calculate g(-3).
-8
Let x(p) = p + 5. Let q be x(0). Let n(a) = 5*a - 32*a**2 + 38*a**2 - a**3 - 10*a + 6 + 0*a. Give n(q).
6
Let w(p) = -13*p - 1. Let y = 4 - 8. Let r(j) = 7*j. Let q(s) = y*w(s) - 7*r(s). Let g = 4 + -7. What is q(g)?
-5
Let o(i) = i**2 + 3*i**2 + 7*i - 5*i**2 - 2*i + 5 + i. Give o(6).
5
Let i(b) = b**2 - b + 3. Suppose 5*q = 4*l, 35*q = 4*l + 